tor of 161576?
False
Is 7 a factor of 11700906?
True
Does 448 divide 7315840?
True
Is 134 a factor of 13676?
False
Is 103 a factor of 9360228?
True
Does 67 divide 630202?
True
Does 1199 divide 2435848?
False
Is 25631 a multiple of 7?
False
Is 9 a factor of 5426226?
True
Is 19 a factor of 6791237?
False
Is 345 a factor of 5568450?
False
Is 111152 a multiple of 8?
True
Does 299 divide 213525?
False
Is 26 a factor of 50076?
True
Does 67 divide 342638?
True
Is 696341 even?
False
Does 8 divide 1226024?
True
Is 27945 a multiple of 9?
True
Is 2 a factor of 1170701?
False
Does 69 divide 2148087?
False
Does 26 divide 19685409?
False
Is 1706800 a multiple of 68?
True
Does 61 divide 984276?
False
Is 442 a factor of 1689766?
True
Is 1722923 a multiple of 10?
False
Does 232 divide 244528?
True
Does 313 divide 134397?
False
Is 40 a factor of 86320?
True
Does 15 divide 81780?
True
Is 8 a factor of 232880?
True
Is 1904525 a multiple of 175?
True
Is 147245 a multiple of 136?
False
Is 113002 a multiple of 16?
False
Is 23 a factor of 1022891?
False
Does 279 divide 3534456?
False
Is 54 a factor of 66960?
True
Is 366711 a multiple of 487?
True
Is 18 a factor of 50004?
True
Is 306 a factor of 2148120?
True
Is 20860 a multiple of 5?
True
Is 175 a factor of 63932?
False
Is 13 a factor of 4469980?
False
Is 20361 a multiple of 182?
False
Is 2883158 a multiple of 575?
False
Is 57 a factor of 371811?
True
Is 126912 a multiple of 48?
True
Is 4951656 a multiple of 1418?
True
Is 290 a factor of 958740?
True
Is 771 a factor of 1626810?
True
Does 53 divide 40598?
True
Is 347691 a multiple of 12?
False
Is 24 a factor of 66508?
False
Is 193 a factor of 240770?
False
Is 195 a factor of 551953?
False
Is 16145 a multiple of 102?
False
Does 304 divide 23944?
False
Is 36612 a multiple of 226?
True
Is 137375 a multiple of 25?
True
Does 101 divide 121545?
False
Is 9 a factor of 100902?
False
Is 10708550 a multiple of 538?
False
Is 61913 a multiple of 17?
False
Does 1239 divide 11368458?
False
Is 3 a factor of 75529?
False
Is 17 a factor of 4675?
True
Is 165 a factor of 83490?
True
Is 83 a factor of 28469?
True
Is 26 a factor of 3597568?
True
Does 9 divide 1156881?
False
Is 111853 a multiple of 19?
True
Is 219 a factor of 212430?
True
Does 67 divide 526694?
False
Is 766098 a multiple of 18?
True
Does 13 divide 1685335?
False
Is 376 a factor of 165444?
False
Is 270370 a multiple of 35?
False
Does 66 divide 440820?
False
Is 10 a factor of 72800?
True
Does 23 divide 5152?
True
Is 744750 a multiple of 225?
True
Does 33 divide 735839?
False
Is 4196640 a multiple of 80?
True
Does 136 divide 49368?
True
Is 9536932 a multiple of 5?
False
Is 62 a factor of 119119?
False
Is 115509 a multiple of 33?
False
Is 388654 a multiple of 71?
True
Is 665306 even?
True
Is 333 a factor of 2538792?
True
Is 256 a factor of 103168?
True
Does 93 divide 581967?
False
Is 7292331 a multiple of 9?
True
Does 87 divide 3014637?
True
Does 38 divide 214852?
True
Is 20 a factor of 565880?
True
Is 371990 a multiple of 10?
True
Is 11 a factor of 100511?
False
Does 1189 divide 4180524?
True
Is 22300 a multiple of 148?
False
Does 6 divide 4366722?
True
Does 88 divide 141316?
False
Does 100 divide 5665?
False
Is 15417 a multiple of 7?
False
Is 757064 a multiple of 43?
False
Is 38207422 a multiple of 15?
False
Does 45 divide 7836?
False
Is 14 a factor of 3164098?
True
Is 3572549 a multiple of 89?
True
Is 794952 a multiple of 549?
True
Is 1788104 a multiple of 358?
False
Does 198 divide 2740130?
False
Is 30909 a multiple of 3?
True
Does 441 divide 7056?
True
Is 594 a factor of 7198092?
True
Is 75160 a multiple of 8?
True
Is 480 a factor of 11996413?
False
Is 54315 a multiple of 15?
True
Is 31 a factor of 215648?
False
Is 60 a factor of 343501?
False
Is 4 a factor of 69772?
True
Does 2 divide 149194?
True
Is 28 a factor of 4288007?
False
Does 34 divide 31144?
True
Is 1207212 a multiple of 116?
True
Is 36820 a multiple of 28?
True
Is 145 a factor of 168750?
False
Is 1832106 a multiple of 52?
False
Is 136 a factor of 339519?
False
Does 229 divide 95098?
False
Does 94 divide 1038794?
True
Does 33 divide 5054973?
True
Is 9 a factor of 3593588?
False
Does 168 divide 96768?
True
Is 12 a factor of 71268?
True
Does 47 divide 1702152?
True
Does 698 divide 356246?
False
Is 1107850 a multiple of 165?
False
Is 47 a factor of 498435?
True
Is 1891 a factor of 7328921?
False
Is 540348 a multiple of 15?
False
Does 760 divide 426248?
False
Does 1080 divide 9614435?
False
Does 237 divide 519504?
True
Does 28 divide 2046472?
False
Does 127 divide 357124?
True
Is 574 a factor of 4371584?
True
Is 12441855 a multiple of 33?
False
Is 26 a factor of 1547884?
True
Is 10384 a multiple of 28?
False
Is 1934 a factor of 5434540?
True
Does 33 divide 97812?
True
Is 22 a factor of 12178139?
False
Is 3 a factor of 342516?
True
Does 63 divide 82782?
True
Does 17 divide 59755?
True
Does 3 divide 579240?
True
Does 377 divide 10924706?
True
Is 5661252 a multiple of 36?
True
Is 24407 a multiple of 3?
False
Does 1257 divide 6903444?
True
Is 382613 a multiple of 64?
False
Is 22 a factor of 1257454?
True
Is 23 a factor of 7419?
False
Is 182 a factor of 3082716?
True
Is 74 a factor of 37286?
False
Is 449974 a multiple of 14?
True
Is 31 a factor of 140275?
True
Is 43 a factor of 654116?
True
Does 5 divide 1103490?
True
Does 26 divide 286971?
False
Is 4410286 a multiple of 58?
False
Is 221 a factor of 1883121?
False
Is 36 a factor of 2441772?
True
Is 3541026 a multiple of 19?
False
Is 8895078 a multiple of 62?
True
Does 102 divide 1517073?
False
Is 560 a factor of 274623?
False
Is 488061 a multiple of 183?
True
Is 115 a factor of 1677839?
False
Does 37 divide 134230?
False
Is 369 a factor of 610932?
False
Is 33 a factor of 8986395?
True
Does 143 divide 808183?
False
Is 313 a factor of 704563?
True
Is 54808 a multiple of 17?
True
Is 50301 a multiple of 27?
True
Is 77227 a multiple of 14?
False
Does 18 divide 921708?
True
Does 70 divide 11720369?
False
Is 10 a factor of 557000?
True
Is 24 a factor of 606400?
False
Does 11 divide 89188?
True
Is 21 a factor of 18879?
True
Does 679 divide 245798?
True
Does 13 divide 146919?
False
Does 5 divide 599369?
False
Is 7311 a multiple of 7?
False
Does 22 divide 4829?
False
Is 309 a factor of 371109?
True
Is 251856 a multiple of 27?
True
Is 21594 a multiple of 47?
False
Is 1270018 a multiple of 398?
True
Is 7004487 a multiple of 19?
False
Is 11 a factor of 655534?
True
Does 16 divide 1154656?
True
Is 11571401 a multiple of 31?
True
Is 17 a factor of 25738?
True
Is 39 a factor of 1318828?
False
Is 787116 a multiple of 268?
True
Is 266 a factor of 1237918?
False
Is 1108 a factor of 343480?
True
Does 209 divide 48551?
False
Is 10 a factor of 17444?
False
Does 798 divide 1255111?
False
Is 224 a factor of 21541?
False
Does 23 divide 87942?
False
Is 28931 even?
False
Is 234104 a multiple of 915?
False
Is 62 a factor of 2489858?
True
Is 244365 a multiple of 21?
False
Is 44 a factor of 188760?
True
Is 9775 a multiple of 17?
True
Is 2959161 a multiple of 28?
False
Does 64 divide 185664?
True
Is 1244 a factor of 6809656?
True
Is 17 a factor of 283509?
True
Is 124003 a multiple of 4?
False
Does 371 divide 139125?
True
Is 139680 a multiple of 40?
True
Is 593814 a multiple of 23?
True
Is 21799 a multiple of 39?
False
Is 5698720 a multiple of 10?
True
Is 551 a factor of 6612481?
False
Is 280 a factor of 1557920?
True
Is 72 a factor of 81902?
False
Is 6813706 a multiple of 14?
False
Is 3 a factor of 41940?
True
Does 59 divide 249157?
True
Does 37 divide 9028851?
True
Is 178596 a multiple of 12?
True
Is 6102118 a multiple of 15?
False
Is 27 a factor of 566167?
False
Is 293 a factor of 1962514?
True
Does 62 divide 20938?
False
Is 495 a factor of 10395?
True
Does 37 divide 662760?
False
Is 2 a factor of 27297?
False
Is 568216 a multiple of 587?
True
Is 9822663 a multiple of 801?
True
Does 52 divide 160781?
False
Does 6 divide 1986708?
True
Does 52 divide 515736?
True
Is 32 a factor of 8992?
True
Does 17 divide 3150852?
False
Is 632000 a multiple of 160?
True
Is 898 a factor of 1568986?
False
Does 884 divide 8356452?
True
Is 449 a factor of 1208785?
False
Does 31 divide 33852?
True
Is 339986 a multiple of 389?
True
Does 12 divide 3190572?
True
Does 3